hat is the remainder when h is divided by x(-4)?
17
Suppose -4*n - 10 = 3*i, 4*n + n = 2*i - 24. Suppose -2*y + 14 + 10 = -i*u, 4*y = 5*u + 51. What is the remainder when 25 is divided by y?
7
Suppose -h = -4*f - 9 - 21, 2*f = 5*h - 24. Let t(g) = 2*g + 9. Let r be t(f). Let d = 2 - r. What is the remainder when d is divided by 3?
1
Suppose 5*j = -0*j + 155. What is the remainder when j is divided by 17?
14
Let q(g) = g**2 - 8*g - 39. Suppose 2*k - 120 = -3*k. What is the remainder when k is divided by q(12)?
6
Suppose 0 = y - 2 + 4. Let z = 1 - y. Suppose -z*p = p - 96. Calculate the remainder when p is divided by 13.
11
Let o(i) = i**3 - 6*i**2 + 6*i - 3. Let z be o(5). Let p = z + 6. Let v = -20 + 35. Calculate the remainder when v is divided by p.
7
Suppose i + 4*i = 130. Let g = i + -16. What is the remainder when 27 is divided by g?
7
Suppose 0 = 3*j + 5*b - 160, j - b - 32 - 16 = 0. What is the remainder when j is divided by 26?
24
Suppose 6*z + x - 22 = z, 2*x = 3*z - 8. Suppose -z*t = -7*t + 15. Calculate the remainder when t is divided by 1 - 3/6*-2.
1
Let m = 3 + 8. Let d = -6 + m. What is the remainder when 14 is divided by d?
4
Suppose 86 = 3*f - t - 3*t, 2*t - 100 = -5*f. What is the remainder when 65 is divided by f?
21
Let p(x) = -x**3 - 9*x**2 + 9*x + 4. Let f = -58 + 84. What is the remainder when f is divided by p(-10)?
12
Let c = 178 + -170. What is the remainder when 28 is divided by c?
4
Let m be (2/(-2))/((-2)/22). Let y = -6 + m. Suppose -5*v = y*x - 205, -11 = 3*x - 3*v - 128. Calculate the remainder when x is divided by 14.
12
Suppose -2*j = -0*j - 6. Let z(c) = 2*c + 1. Calculate the remainder when 2*38/12*j is divided by z(3).
5
Let g(r) = r**3 - 5*r**2 + 3*r + 4. What is the remainder when g(5) is divided by 10?
9
Let q(j) = -j**3 - 6*j**2 + 7*j + 8. Let w be q(-7). Let i(h) = -h**2 + 8*h + 5. Calculate the remainder when 8 is divided by i(w).
3
Suppose 0 = 4*t + 7 - 51. Calculate the remainder when 41 is divided by t.
8
Suppose 4*u - 30 + 6 = 4*h, -20 = -4*u + 2*h. Let f = 0 + 2. Suppose -f*r = -0*r - 4. What is the remainder when u is divided by r?
0
Let j = 22 + -11. What is the remainder when ((-159)/(-6))/(2/4) is divided by j?
9
Suppose -10 = -k - m - 0, -3*k + 5 = -2*m. Let x(p) = -p**2 + 6*p + 3. Calculate the remainder when x(k) is divided by 5.
3
Let x(o) = 7*o - 13. Suppose 0 = 4*f + p - 5*p - 56, 13 = f - 2*p. Let a = f + -7. Calculate the remainder when x(6) is divided by a.
5
Let c = -3 + 5. Let x(r) = r + 2. Let t be x(6). Calculate the remainder when c is divided by t/10*5/2.
0
Let r(k) = -4*k - 8. Calculate the remainder when 117 is divided by r(-12).
37
Suppose 16 = 5*d + 41, -5*d + 359 = 4*m. What is the remainder when m is divided by 25?
21
Calculate the remainder when 142 is divided by 74/4 - 10/(-4).
16
Let a(h) = -h**2 - 2*h + 2. Let w be a(-2). Let x(y) = -y**3 + 4*y**2 + 2*y - 1. Calculate the remainder when (-110)/(-5)*5/w is divided by x(-2).
17
Let b = -39 + 46. Let n(i) = -20*i**3 + i**2 - 1. What is the remainder when n(-1) is divided by b?
6
Let b(s) = s**3 + 5*s**2 + 2*s + 1. Calculate the remainder when 13 is divided by b(-4).
4
Suppose 2*d + 172 = 3*r, 0 = d + 2. Suppose p = 5*p - r. What is the remainder when p is divided by 8?
6
Suppose 10 = b + 4*a, -b + 5*b - a - 57 = 0. Calculate the remainder when 55 is divided by b.
13
Suppose 7*w - 4*w - 30 = 0. What is the remainder when 37 is divided by w?
7
Let o(l) = 1 + l - 3*l - 5*l. What is the remainder when o(-1) is divided by 5?
3
Let b = -1 + 2. Let o = b + 6. Let h = o + 4. What is the remainder when h is divided by 6?
5
Suppose -87 - 4 = -7*z. What is the remainder when 50 is divided by z?
11
Suppose -24 = -3*r + r. Let l(n) = -6*n - 91. What is the remainder when l(-19) is divided by r?
11
Let y be 1 - 0 - (-54)/(-3). What is the remainder when 27 is divided by -2 - -2 - (y - -2)?
12
Let c(q) = -2*q + 11. Let u be c(8). Let z = 6 - u. Calculate the remainder when 31 is divided by z.
9
Let q(k) = -2*k + 49. What is the remainder when q(9) is divided by 12?
7
Let j(b) = b**2 + 12*b + 4. Let l be j(-12). Suppose -3*p - h + 296 = 0, -h + l*h = -5*p + 496. Calculate the remainder when p is divided by 25.
23
Suppose -19 = 3*r - 67. Calculate the remainder when 46 is divided by r.
14
Suppose 0*n - 32 = -4*n. What is the remainder when 47 is divided by n?
7
Let w be 5 - (-1 + 3/3). Suppose 2*o + 42 = w*o. Calculate the remainder when 25 is divided by o.
11
Suppose 2*l + 38 = 2*b, -b + 6 = -3*l - 15. Calculate the remainder when 51 is divided by b.
15
Let n be 1/(-3) + 2/(-3). Let t be (((-6)/2)/1)/n. Suppose -2*k = -t - 15. Calculate the remainder when 16 is divided by k.
7
Suppose 2*m - 12 = 6. Let w(h) = h**3 - 2*h**2 - h - 2. Let z(c) = c**2 - 3*c - 6. Let u be z(5). What is the remainder when w(u) is divided by m?
8
Suppose 0 = -5*b + 220 - 45. Calculate the remainder when b is divided by 19.
16
Let v = -147 + 219. Suppose 0*r = 4*r + v. Let s = 4 - r. What is the remainder when s is divided by 6?
4
Let g be ((-3)/(-2))/(2/4). Suppose 3*p = 4*y - 417, -2*p = p - g. Let k = y + -62. Calculate the remainder when k is divided by 15.
13
Let x(i) = -13 + 33 + 6*i - 19. Calculate the remainder when x(14) is divided by 22.
19
Suppose 0 = -2*x - x - 15, -5*s - 4*x = -215. What is the remainder when s is divided by (-36)/(-15)*10/2?
11
Let m = 11 - 16. Calculate the remainder when 0 - -2 - (m - 35) is divided by 15.
12
Suppose 0 = 5*a + 10, 6*l - 28 = l + 4*a. Suppose l*i - 2*h - 26 = 0, 2*i + 3*h + 1 = 2. Suppose t + 1 = 14. Calculate the remainder when t is divided by i.
3
Let w(q) = -q + 14. Let j be w(6). Suppose -j*p = -7*p - 46. Calculate the remainder when p is divided by 12.
10
Let h = -81 - -133. What is the remainder when h is divided by 6?
4
Let s = 3 - 1. Suppose 0 = -k - 4*k - 20. Calculate the remainder when k/10 - (-72)/30 is divided by s.
0
Let h be (16/(-24))/(1/(-6)). Let r(w) = -w**3 + 5*w**2 - 3*w - 4. Let o be r(h). Suppose 3*u - 11 + 2 = o. What is the remainder when 7 is divided by u?
1
Let n(j) = 8*j - 24. Let w(q) = -q**3 + q**2 + 3*q + 2. What is the remainder when w(-3) is divided by n(5)?
13
Suppose 5*t - 2 = 3. Calculate the remainder when t is divided by 1.
0
Suppose -2*u - 29 = -0*b - 5*b, -u = -5*b + 27. Let l = u - -47. Calculate the remainder when l is divided by 23.
22
Let r = -4 - -7. Calculate the remainder when r is divided by 10/6 - 18/27.
0
Let j(k) = -7*k**3 + 2*k**2 + 5*k - 5. Let x(s) = -15*s**3 + 5*s**2 + 11*s - 11. Let h(u) = 9*j(u) - 4*x(u). Calculate the remainder when h(-2) is divided by 7.
6
Suppose 6*h - 2*h - 52 = 0. Calculate the remainder when 115 is divided by h.
11
Suppose 0 = a + 5*h - 40, 4*h = 5*a - 0*h - 55. Calculate the remainder when 147 is divided by a.
12
Let u(p) = -p**2 - 6*p + 4. Let q = -3 - 2. Calculate the remainder when 28 - 2*-1*-1 is divided by u(q).
8
Let v(a) be the second derivative of 11*a**3/6 - 15*a**2/2 - 4*a. Calculate the remainder when v(6) is divided by 18.
15
Let y = -82 - -112. What is the remainder when 58 is divided by y?
28
Suppose 3*f = -a + 3, 3*a - a - 15 = 3*f. What is the remainder when 100 is divided by a?
4
Let o = -6 - -49. Let r(l) = -8*l - 1. What is the remainder when o is divided by r(-2)?
13
Let j be 2/(-4)*0/(-1). Let t be ((-1)/1 - j)*-1. Suppose 5 = v + t. What is the remainder when 10 is divided by v?
2
Let o(q) = -3*q. Let a be o(3). Calculate the remainder when 25 - (0/2)/(-2) is divided by (3 + -42)*3/a.
12
Let j(s) = 3*s + 19. What is the remainder when j(0) is divided by 5?
4
Suppose 2*a = -4, -4*d = d - 4*a - 18. Suppose -2*u + 40 = -6*n + d*n, -u - 2*n = 0. What is the remainder when 16 is divided by u?
6
Let c be 6/(-4)*40/(-6). Suppose -c = -2*o + 12. What is the remainder when 30 is divided by o?
8
What is the remainder when 51 is divided by 27/(-45) + 73/5?
9
Suppose 6 = 2*y + y. Suppose 0*x = y*x - 36. Calculate the remainder when x is divided by 10.
8
Let k(i) be the first derivative of -i**5/40 + i**3/3 + 1. Let b(q) be the third derivative of k(q). What is the remainder when b(-6) is divided by 10?
8
Let t(n) = -n + 2. Let d be t(-10). Suppose 3*f - 4*f = -d. What is the remainder when (-8)/f - 220/(-6) is divided b